 -3 - 1). Let b be 1*(-3)/(-1) + x. What is the units digit of 2/2 + 10/b?
1
Let u be (35 + -2)*(-10)/15. Let q = u + 51. What is the units digit of q?
9
What is the tens digit of (-1173)/(-18) - 9/54?
6
Let p(k) = -3*k - 1. Let m be p(-1). Suppose r + m*r - 120 = 0. What is the units digit of r?
0
Let v(y) = -y**3 + 10*y**2 + 4. What is the tens digit of v(7)?
5
Suppose 3*v = 4 + 2. Let b(o) = o**2 - 3*o**2 + 1 + 2*o + o**v. What is the units digit of b(2)?
1
What is the units digit of 97/11 - (-1 - (-18)/22)?
9
Suppose -19*s = -21*s + 308. What is the units digit of s?
4
Let y = -1 + 3. Suppose y*z - 20 = -4*p - 2*z, -2*z + 13 = 3*p. Suppose -n + p = 1. What is the units digit of n?
2
Suppose 0 = -5*c - 262 - 303. Let t = 165 + c. What is the units digit of t?
2
Suppose 0 = 3*h + 2*b - 13, -b = -h + 4*b + 27. Suppose -4*g = -h - 29. What is the units digit of g?
9
Let d(g) = g + 24. Let k be d(-10). Suppose -2*u + 3*u - 3*w - 15 = 0, -2*u - 2*w = -k. Suppose -n = 5*o + n - u, 12 = -o - 5*n. What is the units digit of o?
3
Suppose -2 - 1 = -d. Let q = 6 + d. What is the units digit of q?
9
Let z(b) = b - 8. Let k be z(0). Suppose -p = -7*p - 12. What is the tens digit of (k/10)/(p/40)?
1
Let l be (-2)/8 + 39/12. Suppose x = l + 8. What is the tens digit of x?
1
Let v be (-6)/(-3) + (0 - -1). Suppose u = -v, -3*u + 70 = 2*j + u. What is the tens digit of j?
4
Let m(r) = r + 13. What is the tens digit of m(8)?
2
Let a(v) = 3 + 1 - 3 + 2*v. Suppose -19 = -5*d + 16. What is the tens digit of a(d)?
1
Suppose 0 = 3*s - 4*s + 4. Suppose 3*g = 68 + s. What is the units digit of g?
4
Suppose -5*u = -15 - 15. Let s = -4 + u. Let h(p) = p**2 + p - 1. What is the units digit of h(s)?
5
Let l = 14 - -31. What is the units digit of l?
5
Suppose 0 = 4*n + 2*i - 32, -n = -4*i + 1 - 0. Let x = 2 + n. What is the units digit of x?
9
Let n = -872 + 1238. What is the units digit of n?
6
Suppose -6*r + 5*r + 31 = 4*s, 24 = 4*r - 4*s. What is the tens digit of r?
1
Let g = -7 - -3. Let u = g + 2. What is the units digit of (-23)/u - (-3)/6?
2
Let p(i) = i - 17. Let b be p(16). Let n be 0 - 1*(-1 + -1). What is the units digit of b + n - 5*-4?
1
Let k(y) = 4*y - 21. What is the tens digit of k(10)?
1
Suppose 2*k = -21 - 11. Let h = k + 63. What is the tens digit of h?
4
Let h = 2 + -23. Let z = h + 48. What is the tens digit of z?
2
Let k(f) = -7*f - 17. Suppose -7*x + 3*x = 24. What is the units digit of k(x)?
5
Suppose -4*k = 2*l - k - 19, l = 2*k + 6. What is the units digit of l?
8
Let d(y) = y**3 - 23*y**2 + 26*y + 16. What is the units digit of d(22)?
4
Let o(m) = -m**2 + 8*m - 7. Let x be o(7). What is the units digit of 21/(x - (-6)/4)?
4
Suppose 6 = 2*h - 6. What is the units digit of h?
6
Let n(f) = -f - 10. Let u be n(-12). Suppose j - 1 = u. What is the units digit of j?
3
What is the units digit of (25/(-15))/((-4)/12)?
5
Let z = -4 + -23. Let w = -11 - z. Suppose b - w = 3*l, -5*b + 4*l + 32 = l. What is the units digit of b?
4
Suppose 2*f + 0*f - 44 = 0. Let x be 2/(-11) - (-92)/f. Suppose p + 15 = x*p. What is the units digit of p?
5
Suppose 8 = -s + 3*s. Suppose s*r - k = 59, -2*k - 73 = -5*r - k. What is the tens digit of r?
1
Let i be (-7)/2*20/(-7). Suppose -5*n = -0*n - i. Suppose -n = -l - 0. What is the units digit of l?
2
Let w(b) be the first derivative of 3*b - 1/4*b**4 + 4/3*b**3 + 2 + 0*b**2. What is the units digit of w(4)?
3
Suppose 5*i = 4*m + 2*i - 330, -m + 2*i + 80 = 0. What is the units digit of m?
4
Let y be (-26)/7 + 6/(-21). Let l = 14 + y. Suppose j - l = -j. What is the units digit of j?
5
Suppose -1171 = -20*s + 2869. What is the tens digit of s?
0
Let z(m) = -2*m - 8. Let b be z(-6). Suppose -b*h + 33 = -43. What is the tens digit of h?
1
Let y = 65 + 81. What is the tens digit of y?
4
Suppose 2*g - 94 = -3*g + 4*w, 0 = g + 4*w - 38. Let m = g + -10. Suppose -2*h - 2*h + m = 0. What is the units digit of h?
3
Let h(d) = d**3 - 6*d**2 + 3*d - 7. Let v be h(6). Suppose 5*z + 4*i - 5 = 0, 4*z + i - 26 = -v. What is the units digit of z?
5
Suppose -2*x + 7*a = 2*a + 15, a = 3*x + 3. Let y(z) = -z**3 - z**2 + z + 15. What is the tens digit of y(x)?
1
Let w(p) = p**2 + 5*p + 5. Let u be w(-8). Let y = u + -17. What is the units digit of y?
2
Suppose -2*y + 0*y = 48. Let r = 13 + y. Let i = 23 + r. What is the units digit of i?
2
Let l = 33 + 43. What is the units digit of l?
6
Let z be 1/2 - 15/10. What is the units digit of (15/(-6) - z)*-2?
3
Let n(p) = -p**2 + 5*p + 4. Let z be (-18)/(-3) - (-2 + 3). What is the units digit of n(z)?
4
Let s = 0 - 0. Suppose s = p - 7 - 3. What is the tens digit of p?
1
Let v(b) = -b**3 + 16*b**2 + 24*b - 37. What is the units digit of v(17)?
2
Let m = 9 - 15. Let w = -3 - m. Suppose k + 2*z - 13 = 0, 4*z + 23 = w*k + 2*k. What is the units digit of k?
7
Let m(n) = n**2 - 10*n - 9. What is the tens digit of m(-7)?
1
Suppose 4*o - 87 = 53. What is the units digit of o?
5
Suppose -3 = q, 5*t - 760 = -3*q + 8*q. What is the tens digit of t?
4
Suppose s - 18 = -5*s. Suppose 3*p - 4 = -1, -5*b - 5*p + 165 = 0. Suppose b = s*n + n. What is the units digit of n?
8
Suppose 0 = -5*c + 4*o + 29 + 140, -78 = -2*c - o. What is the units digit of c?
7
Let h(g) = -g - 2. Let z be h(-6). Suppose z*o = -22 + 62. Suppose 2*k - o = 4*m, 0 = 3*k - 4*k + m + 8. What is the units digit of k?
1
Let x = 137 - 67. What is the units digit of x?
0
Let a = 15 + -15. Suppose -r - 3*r + 84 = a. What is the tens digit of r?
2
Let w(l) = -9*l**2 - 17*l - 17. Let v(m) = 5*m**2 + 8*m + 9. Let b(u) = -11*v(u) - 6*w(u). What is the units digit of b(11)?
6
Let j be -1*(-2 - -3)*0. Suppose j = 4*y + 5*t + 12, 16 = -0*t - 4*t. What is the units digit of y?
2
Let b = 10 + 10. What is the tens digit of b?
2
Let w = 8 + -5. Suppose -7 = w*b - 49. What is the units digit of b?
4
Let a(o) = 3*o - 6. Let f(y) = y**3 + 7*y**2 + 5*y + 4. Let g be f(-6). Suppose 5 = 3*q - g. What is the units digit of a(q)?
9
Let g be (-6)/15 + 8/(-5). Let l = 0 - g. Suppose 4*n - 51 = 3*q, 3*n = -0*n + l*q + 38. What is the units digit of n?
2
Let q = -4 + 1. Let d = q - -9. What is the units digit of d?
6
Suppose -10 + 4 = -2*a. Suppose -4*t = -3*d + 16, -a*d - 2 = t + 2. Suppose -2*l = -d*l - 14. What is the units digit of l?
7
Let q = -6 - -6. Suppose 2*g = 4*s - 128, -s + 2*g + 35 + 3 = q. What is the tens digit of s?
3
Suppose 4*z + 52 = 2*z. What is the tens digit of z*((-6)/(-4))/(-3)?
1
Suppose 2*j = j + 3. Suppose -5*p + 13 = -m, 3 - 4 = j*p - 5*m. Suppose 4*i - 2*a = p*i - 7, 5*a = 20. What is the units digit of i?
1
Suppose b - 1 = 0, -2*n = -5*n + 2*b + 19. Let a(r) = r**3 - 8*r**2 + 10*r - 8. What is the units digit of a(n)?
3
Let j be (-1)/2 + (-1)/(-2). Let y be (7 - 1)*(-1 - j). What is the units digit of (-10)/15 + (-16)/y?
2
Let u(z) = -5*z**2 - 3*z + 3*z**2 + 3*z**2. What is the tens digit of u(6)?
1
Let g(v) be the second derivative of -1/2*v**2 + 1/10*v**5 + 0 + 0*v**3 - 1/6*v**4 - v. What is the units digit of g(2)?
7
Let v(m) = 5*m**3 - 2*m + 4. What is the units digit of v(2)?
0
Let t = 128 - 89. Suppose 5*q = t - 4. Suppose -q = -a - 0. What is the units digit of a?
7
Suppose 10*m - 20 = 5*m. Let d(u) = u + 5. Let c be d(4). Suppose -7 - c = -m*p. What is the units digit of p?
4
Suppose -4*m + 2*j = -1060, 5*m = m + 4*j + 1052. What is the units digit of m?
7
Let p be ((-9*1)/3)/(-1). Suppose -16 = -p*r - r. What is the units digit of r?
4
Let w be (5 + -4)*(0 + 0). Suppose 3*o + 1 = -h, w = 5*h - 0*h + o - 51. What is the tens digit of h?
1
Suppose 5*z + 5*y = 150, 5*z - 3*y - 105 = 77. What is the units digit of z?
4
Suppose 38 = -5*n - 2*b + 549, 0 = -3*n + 5*b + 288. What is the tens digit of n?
0
Let w = 73 - 6. What is the units digit of w?
7
Let j be (-180)/(-8) - (-1)/2. Suppose -j = -5*q + 27. What is the units digit of q?
0
Let d(b) = -b**3 + 4*b**2 + 3*b + 1. Suppose -3 + 1 = -i. Suppose -i*a - 6 = -2. What is the units digit of d(a)?
9
Suppose 2*x + 2*x - 4 = 4*b, -4*x - 2*b + 28 = 0. What is the units digit of x?
5
Suppose r = m - r - 47, -5*r - 5 = 0. Suppose 3*a - m = 5*i, -3*a = -5*i + a - 50. What is the units digit of (-2)/((-2)/i + -1)?
3
Let x be (1 - 3)*-3*-1. What is the units digit of (-1)/x + (-1375)/(-